{"id":111,"date":"2017-07-27T17:18:36","date_gmt":"2017-07-27T15:18:36","guid":{"rendered":"http:\/\/pimpyourhome.ch\/try\/?page_id=111"},"modified":"2019-02-25T08:39:09","modified_gmt":"2019-02-25T07:39:09","slug":"schlafzimmer","status":"publish","type":"page","link":"https:\/\/pimpyourhome.ch\/try\/schlafzimmer\/","title":{"rendered":"Schlafzimmer"},"content":{"rendered":"<p><section class=\"ffb-id-1djh2036 fg-section fg-text-dark\"><div class=\"fg-container container fg-container-large fg-container-lvl--1 \"><div class=\"fg-row row    \" ><div class=\"ffb-id-1djh21t2 fg-col col-xs-12 col-md-12 fg-text-dark\"><img decoding=\"async\" class=\"ffb-id-1djh2cu1 fg-image   fg-text-dark\" src=\"http:\/\/pimpyourhome.ch\/try\/wp-content\/uploads\/2017\/07\/icon-loeffel.jpg\" alt=\"Icon Schlafzimmer\"><section class=\"ffb-id-1djh3026 section-heading fg-text-dark\"><h2 class=\"fg-text-dark ffb-h2-1\">Schlafzimmer<\/h2><p class=\"fg-text-dark ffb-paragraph-2\">Einrichtungsideen f\u00fcrs Schlafzimmer \u2013 die Basics<\/p><\/section><\/div><\/div><\/div><\/section><style>.ffb-id-1djh2036{ text-align: center !important;}.ffb-id-1djh2036 ,.ffb-id-1djh2036:before,.ffb-id-1djh2036:after,.ffb-id-1djh2036:hover,.ffb-id-1djh2036:focus,.ffb-id-1djh2036 *,.ffb-id-1djh2036 *:before,.ffb-id-1djh2036 *:after,.ffb-id-1djh2036 *:hover,.ffb-id-1djh2036 *:focus{ text-align: center !important;}.ffb-id-1djh3026 .ffb-h2-1{ font-family: 'Great Vibes', Arial, sans-serif !important;}.ffb-id-1djh3026 .ffb-h2-1:before,.ffb-id-1djh3026 .ffb-h2-1:after,.ffb-id-1djh3026 .ffb-h2-1:hover,.ffb-id-1djh3026 .ffb-h2-1:focus,.ffb-id-1djh3026 .ffb-h2-1 *,.ffb-id-1djh3026 .ffb-h2-1 *:before,.ffb-id-1djh3026 .ffb-h2-1 *:after,.ffb-id-1djh3026 .ffb-h2-1 *:hover,.ffb-id-1djh3026 .ffb-h2-1 *:focus{ font-family: 'Great Vibes', Arial, sans-serif !important;}.ffb-id-1djh3026 .ffb-paragraph-2 ,.ffb-id-1djh3026 .ffb-paragraph-2:before,.ffb-id-1djh3026 .ffb-paragraph-2:after,.ffb-id-1djh3026 .ffb-paragraph-2 *,.ffb-id-1djh3026 .ffb-paragraph-2 *:before,.ffb-id-1djh3026 .ffb-paragraph-2 *:after{ color: #a31b7f !important;}.ffb-id-1djh3026 .ffb-paragraph-2{ font-family: custom-font-family-1, Arial, sans-serif !important;text-transform: uppercase !important;}.ffb-id-1djh3026 .ffb-paragraph-2:before,.ffb-id-1djh3026 .ffb-paragraph-2:after,.ffb-id-1djh3026 .ffb-paragraph-2:hover,.ffb-id-1djh3026 .ffb-paragraph-2:focus,.ffb-id-1djh3026 .ffb-paragraph-2 *,.ffb-id-1djh3026 .ffb-paragraph-2 *:before,.ffb-id-1djh3026 .ffb-paragraph-2 *:after,.ffb-id-1djh3026 .ffb-paragraph-2 *:hover,.ffb-id-1djh3026 .ffb-paragraph-2 *:focus{ font-family: custom-font-family-1, Arial, sans-serif !important;text-transform: uppercase !important;}.ffb-id-1djh3026 .ffb-paragraph-2{ font-size: 24px !important;font-weight: 600 !important;}.ffb-id-1djh3026 .ffb-paragraph-2 ,.ffb-id-1djh3026 .ffb-paragraph-2:before,.ffb-id-1djh3026 .ffb-paragraph-2:after,.ffb-id-1djh3026 .ffb-paragraph-2:hover,.ffb-id-1djh3026 .ffb-paragraph-2:focus,.ffb-id-1djh3026 .ffb-paragraph-2 *,.ffb-id-1djh3026 .ffb-paragraph-2 *:before,.ffb-id-1djh3026 .ffb-paragraph-2 *:after,.ffb-id-1djh3026 .ffb-paragraph-2 *:hover,.ffb-id-1djh3026 .ffb-paragraph-2 *:focus{ font-size: 24px !important;font-weight: 600 !important;}.ffb-id-1djh3026{ font-size: 48px !important;}.ffb-id-1djh3026 ,.ffb-id-1djh3026:before,.ffb-id-1djh3026:after,.ffb-id-1djh3026:hover,.ffb-id-1djh3026:focus,.ffb-id-1djh3026 *,.ffb-id-1djh3026 *:before,.ffb-id-1djh3026 *:after,.ffb-id-1djh3026 *:hover,.ffb-id-1djh3026 *:focus{ font-size: 48px !important;}<\/style><script type=\"text\/javascript\"><\/script><section class=\"ffb-id-1djga6kq fg-section fg-el-has-bg fg-text-dark\"><span class=\"fg-bg\"><span data-fg-bg=\"{&quot;type&quot;:&quot;color&quot;,&quot;opacity&quot;:1,&quot;color&quot;:&quot;#ffffff&quot;}\" class=\"fg-bg-layer fg-bg-type-color \" style=\"opacity: 1; background-color: #ffffff;\"><\/span><span data-fg-bg=\"{&quot;type&quot;:&quot;image&quot;,&quot;opacity&quot;:&quot;1&quot;,&quot;url&quot;:&quot;http:\\\/\\\/pimpyourhome.ch\\\/try\\\/wp-content\\\/uploads\\\/2017\\\/07\\\/hill-grau.png&quot;,&quot;size&quot;:&quot;auto&quot;,&quot;repeat&quot;:&quot;no-repeat&quot;,&quot;attachment&quot;:&quot;scroll&quot;,&quot;position&quot;:&quot;center bottom&quot;}\" class=\"fg-bg-layer fg-bg-type-image \" style=\"opacity: 1; background-image: url(&quot;http:\/\/pimpyourhome.ch\/try\/wp-content\/uploads\/2017\/07\/hill-grau.png&quot;); background-repeat: no-repeat; background-attachment: scroll; background-position: center bottom; background-size: auto;\"><\/span><\/span><div class=\"fg-container container fg-container-large fg-container-lvl--1 \"><div class=\"fg-row row    \" ><div class=\"ffb-id-1djgbt48 fg-col col-xs-12 col-md-6 fg-text-dark\"><h3 class=\"ffb-id-1djgc5bq fg-heading text-left    fg-text-dark\">Das richtige Bett<\/h3><img decoding=\"async\" class=\"ffb-id-1djgc96j fg-image  img-responsive full-width fg-text-dark\" srcset=\"http:\/\/pimpyourhome.ch\/try\/wp-content\/uploads\/2017\/07\/grosses-bett-grosser-schlafraum.jpg 800w, https:\/\/pimpyourhome.ch\/try\/wp-content\/uploads\/freshizer\/3a2c0c59cbc8bf17b9ecf64076a1cb68_grosses-bett-grosser-schlafraum-320-c-100.jpg 320w, https:\/\/pimpyourhome.ch\/try\/wp-content\/uploads\/freshizer\/3a2c0c59cbc8bf17b9ecf64076a1cb68_grosses-bett-grosser-schlafraum-768-c-100.jpg 768w\" sizes=\"(max-width: 800px) 100vw, 800px\" src=\"http:\/\/pimpyourhome.ch\/try\/wp-content\/uploads\/2017\/07\/grosses-bett-grosser-schlafraum.jpg\" alt=\"Das richtige Bett\"><div class=\"ffb-id-2rbo1bjo fg-paragraph ff-richtext text-left    fg-text-dark\"><\/p>\n<p style=\"text-align: right\">&copy; tontectonix \/ Fotalia<\/p>\n<p><\/div><p class=\"ffb-id-2rbnutak fg-paragraph text-left    fg-text-dark\">Das Bett als DAS M\u00f6belst\u00fcck im Schlafzimmer entscheidet wesentlich \u00fcber einen erholsamen Schlaf. Das ist f\u00fcr manchen auch abh\u00e4ngig vom richtigen Platz. Je gr\u00f6\u00dfer der Raum, desto vielf\u00e4ltiger sind die Stellm\u00f6glichkeiten. Im Zweifelsfall hilft es, verschiedene Positionen auszuprobieren, indem man sich einfach auf den Boden legt. So findet jeder ganz sicher die ideale Schlafposition f\u00fcr sich!<\/p><\/div><div class=\"ffb-id-1djgtfma fg-col col-xs-12 col-md-6 fg-text-dark\"><h3 class=\"ffb-id-2rbo40n2 fg-heading text-left    fg-text-dark\">Schlafen am idealen Platz<\/h3><img decoding=\"async\" class=\"ffb-id-1djgtfmc fg-image  img-responsive full-width fg-text-dark\" srcset=\"http:\/\/pimpyourhome.ch\/try\/wp-content\/uploads\/2017\/07\/bett-direkt-am-fenster.jpg 800w, https:\/\/pimpyourhome.ch\/try\/wp-content\/uploads\/freshizer\/be372936445c7a67cbdc876138434e62_bett-direkt-am-fenster-320-c-100.jpg 320w, https:\/\/pimpyourhome.ch\/try\/wp-content\/uploads\/freshizer\/be372936445c7a67cbdc876138434e62_bett-direkt-am-fenster-768-c-100.jpg 768w\" sizes=\"(max-width: 800px) 100vw, 800px\" src=\"http:\/\/pimpyourhome.ch\/try\/wp-content\/uploads\/2017\/07\/bett-direkt-am-fenster.jpg\" alt=\"Der ideale Platz f\u00fcrs Bett\"><p class=\"ffb-id-1djgcfq8 fg-paragraph text-left    fg-text-dark\"><\/p>\n<p style=\"text-align: right\">\u00a9 Christian Hillebrand \/ Fotalia<\/p>\n<p><\/p><\/div><\/div><\/div><\/section><style>.ffb-id-1djh2036{ \ntext-align: center !important;\n}\n.ffb-id-1djh2036 ,\n.ffb-id-1djh2036:before,\n.ffb-id-1djh2036:after,\n.ffb-id-1djh2036:hover,\n.ffb-id-1djh2036:focus,\n.ffb-id-1djh2036 *,\n.ffb-id-1djh2036 *:before,\n.ffb-id-1djh2036 *:after,\n.ffb-id-1djh2036 *:hover,\n.ffb-id-1djh2036 *:focus{ \ntext-align: center !important;\n}\n.ffb-id-1djh3026 .ffb-h2-1{ \nfont-family: 'Great Vibes', Arial, sans-serif !important;\n}\n.ffb-id-1djh3026 .ffb-h2-1:before,\n.ffb-id-1djh3026 .ffb-h2-1:after,\n.ffb-id-1djh3026 .ffb-h2-1:hover,\n.ffb-id-1djh3026 .ffb-h2-1:focus,\n.ffb-id-1djh3026 .ffb-h2-1 *,\n.ffb-id-1djh3026 .ffb-h2-1 *:before,\n.ffb-id-1djh3026 .ffb-h2-1 *:after,\n.ffb-id-1djh3026 .ffb-h2-1 *:hover,\n.ffb-id-1djh3026 .ffb-h2-1 *:focus{ \nfont-family: 'Great Vibes', Arial, sans-serif !important;\n}\n.ffb-id-1djh3026 .ffb-paragraph-2 ,\n.ffb-id-1djh3026 .ffb-paragraph-2:before,\n.ffb-id-1djh3026 .ffb-paragraph-2:after,\n.ffb-id-1djh3026 .ffb-paragraph-2 *,\n.ffb-id-1djh3026 .ffb-paragraph-2 *:before,\n.ffb-id-1djh3026 .ffb-paragraph-2 *:after{ \ncolor: #a31b7f !important;\n}\n.ffb-id-1djh3026 .ffb-paragraph-2{ \nfont-family: custom-font-family-1, Arial, sans-serif !important;\ntext-transform: uppercase !important;\n}\n.ffb-id-1djh3026 .ffb-paragraph-2:before,\n.ffb-id-1djh3026 .ffb-paragraph-2:after,\n.ffb-id-1djh3026 .ffb-paragraph-2:hover,\n.ffb-id-1djh3026 .ffb-paragraph-2:focus,\n.ffb-id-1djh3026 .ffb-paragraph-2 *,\n.ffb-id-1djh3026 .ffb-paragraph-2 *:before,\n.ffb-id-1djh3026 .ffb-paragraph-2 *:after,\n.ffb-id-1djh3026 .ffb-paragraph-2 *:hover,\n.ffb-id-1djh3026 .ffb-paragraph-2 *:focus{ \nfont-family: custom-font-family-1, Arial, sans-serif !important;\ntext-transform: uppercase !important;\n}\n.ffb-id-1djh3026 .ffb-paragraph-2{ \nfont-size: 24px !important;\nfont-weight: 600 !important;\n}\n.ffb-id-1djh3026 .ffb-paragraph-2 ,\n.ffb-id-1djh3026 .ffb-paragraph-2:before,\n.ffb-id-1djh3026 .ffb-paragraph-2:after,\n.ffb-id-1djh3026 .ffb-paragraph-2:hover,\n.ffb-id-1djh3026 .ffb-paragraph-2:focus,\n.ffb-id-1djh3026 .ffb-paragraph-2 *,\n.ffb-id-1djh3026 .ffb-paragraph-2 *:before,\n.ffb-id-1djh3026 .ffb-paragraph-2 *:after,\n.ffb-id-1djh3026 .ffb-paragraph-2 *:hover,\n.ffb-id-1djh3026 .ffb-paragraph-2 *:focus{ \nfont-size: 24px !important;\nfont-weight: 600 !important;\n}\n.ffb-id-1djh3026{ \nfont-size: 48px !important;\n}\n.ffb-id-1djh3026 ,\n.ffb-id-1djh3026:before,\n.ffb-id-1djh3026:after,\n.ffb-id-1djh3026:hover,\n.ffb-id-1djh3026:focus,\n.ffb-id-1djh3026 *,\n.ffb-id-1djh3026 *:before,\n.ffb-id-1djh3026 *:after,\n.ffb-id-1djh3026 *:hover,\n.ffb-id-1djh3026 *:focus{ \nfont-size: 48px !important;\n}\n.ffb-id-1djga6kq{ margin-top: -40px;padding-bottom: 80px;}.ffb-id-2rbo1bjo{ padding-top: 10px;}<\/style><script type=\"text\/javascript\"><\/script><section class=\"ffb-id-1djhbl2c fg-section fg-el-has-bg fg-text-dark\"><span class=\"fg-bg\"><span data-fg-bg=\"{&quot;type&quot;:&quot;color&quot;,&quot;opacity&quot;:1,&quot;color&quot;:&quot;#f8f8f8&quot;}\" class=\"fg-bg-layer fg-bg-type-color \" style=\"opacity: 1; background-color: #f8f8f8;\"><\/span><span data-fg-bg=\"{&quot;type&quot;:&quot;image&quot;,&quot;opacity&quot;:&quot;1&quot;,&quot;url&quot;:&quot;http:\\\/\\\/pimpyourhome.ch\\\/try\\\/wp-content\\\/uploads\\\/2017\\\/07\\\/hill-weiss.png&quot;,&quot;size&quot;:&quot;auto&quot;,&quot;repeat&quot;:&quot;no-repeat&quot;,&quot;attachment&quot;:&quot;scroll&quot;,&quot;position&quot;:&quot;center bottom&quot;}\" class=\"fg-bg-layer fg-bg-type-image \" style=\"opacity: 1; background-image: url(&quot;http:\/\/pimpyourhome.ch\/try\/wp-content\/uploads\/2017\/07\/hill-weiss.png&quot;); background-repeat: no-repeat; background-attachment: scroll; background-position: center bottom; background-size: auto;\"><\/span><\/span><div class=\"fg-container container fg-container-large fg-container-lvl--1 \"><div class=\"fg-row row    \" ><div class=\"ffb-id-1djhbl2d fg-col col-xs-12 col-md-6 fg-text-dark\"><img decoding=\"async\" class=\"ffb-id-1djhbl2i fg-image  img-responsive full-width fg-text-dark\" srcset=\"http:\/\/pimpyourhome.ch\/try\/wp-content\/uploads\/2017\/07\/bettsofa-mit-regalen.jpg 800w, https:\/\/pimpyourhome.ch\/try\/wp-content\/uploads\/freshizer\/b582eb23332280071f2a59de202b42d8_bettsofa-mit-regalen-320-c-100.jpg 320w, https:\/\/pimpyourhome.ch\/try\/wp-content\/uploads\/freshizer\/b582eb23332280071f2a59de202b42d8_bettsofa-mit-regalen-768-c-100.jpg 768w\" sizes=\"(max-width: 800px) 100vw, 800px\" src=\"http:\/\/pimpyourhome.ch\/try\/wp-content\/uploads\/2017\/07\/bettsofa-mit-regalen.jpg\" alt=\"Schlafzimmerschrank\"><p class=\"ffb-id-2rboc6h8 fg-paragraph text-left    fg-text-dark\"><\/p>\n<p style=\"text-align: right\">\u00a9 ostap25 \/ Fotalia<\/p>\n<p><\/p><\/div><div class=\"ffb-id-1djhbl2k fg-col col-xs-12 col-md-6 fg-text-dark\"><h3 class=\"ffb-id-1djhbl2h fg-heading text-left    fg-text-dark\">Schlafzimmerschrank \u2013 unerl\u00e4ssliches Raumwunder<\/h3><div class=\"ffb-id-1djhbl2j fg-paragraph ff-richtext text-left    fg-text-dark\"><\/p>\n<p>F&uuml;r viele ist er nach dem Bett das wichtigste M&ouml;belst&uuml;ck im Raum und muss eine ganze Menge wegstecken k&ouml;nnen: der Schlafzimmerschrank. Optisch sollte er sich gut ins Schlafzimmer einf&uuml;gen und im Innern ein wohl durchdachtes Ordnungssystem mit viel Stauraum bieten. Ein harmonisches Ambiente entsteht, wenn der Schlafzimmerschrank mit den restlichen Schlafzimmerm&ouml;beln abgestimmt und passend zur Raumgr&ouml;sse gew&auml;hlt wird.<\/p>\n<p><\/div><\/div><div class=\"ffb-id-1djhms8l fg-col col-xs-12 col-md-12 fg-text-dark\"><section class=\"ffb-id-1djhn3tk divider-v7 divider-alignment-center divider-size-medium   fg-text-dark\"><div class=\"divider-v7-title divider-v7-title-dotted \"><span class=\"after\"><\/span><\/div><\/section><\/div><div class=\"ffb-id-1djhl9dp fg-col col-xs-12 col-md-6 fg-text-dark\"><div class=\"ffb-id-1djhl9dr fg-paragraph ff-richtext text-left    fg-text-dark\"><\/p>\n<p>Um den passenden Schlafzimmerschrank f&uuml;r sich zu finden, muss man zun&auml;chst den Raum und seine M&ouml;glichkeiten genau ausloten. F&uuml;r Schlafzimmer mit Dachschr&auml;gen, verwinkelten Ecken oder bei grossem Stauraumbedarf ist idealerweise ein Einbau-Kleiderschrank zu empfehlen, der sich nahtlos in die Wand einf&uuml;gt und das vorhandene Platzangebot im Raum optimal ausnutzt. Ein Einbau-Kleiderschrank wird in der Regel nach den pers&ouml;nlichen Vorstellungen gefertigt: Sie entscheiden &uuml;ber Material, Fronten, Art der T&uuml;ren und Aufbau bzw. Anordnung der Innenausstattung. So wird ein massgefertigter Einbau-Kleiderschrank zum wahren Platzwunder.<\/p>\n<p><\/div><\/div><div class=\"ffb-id-1djhlbc0 fg-col col-xs-12 col-md-6 fg-text-dark\"><img decoding=\"async\" class=\"ffb-id-1djhlbc2 fg-image  img-responsive full-width fg-text-dark\" srcset=\"http:\/\/pimpyourhome.ch\/try\/wp-content\/uploads\/2017\/07\/grosser-kleiderschrank.jpg 800w, https:\/\/pimpyourhome.ch\/try\/wp-content\/uploads\/freshizer\/b72514d161ef5e773b26ecf1afd33c48_grosser-kleiderschrank-320-c-100.jpg 320w, https:\/\/pimpyourhome.ch\/try\/wp-content\/uploads\/freshizer\/b72514d161ef5e773b26ecf1afd33c48_grosser-kleiderschrank-768-c-100.jpg 768w\" sizes=\"(max-width: 800px) 100vw, 800px\" src=\"http:\/\/pimpyourhome.ch\/try\/wp-content\/uploads\/2017\/07\/grosser-kleiderschrank.jpg\" alt=\"Grosser Kleiderschrank\"><p class=\"ffb-id-2rboeamc fg-paragraph text-left    fg-text-dark\"><\/p>\n<p style=\"text-align: right\">\u00a9 slavun \/ Fotalia<\/p>\n<p><\/p><\/div><\/div><\/div><\/section><style>.ffb-id-1djga6kq{ \nmargin-top: -40px;\npadding-bottom: 80px;\n\n}\n.ffb-id-2rbo1bjo{ \npadding-top: 10px;\n\n}\n.ffb-id-1djhbl2c{ padding-top: 80px;padding-bottom: 80px;}.ffb-id-1djhn3tk .divider-v7-title span.after{ border-color:#f5f5f5 !important;}.ffb-id-1djhn3tk .divider-v7-title span.after:after{ border-color:#f5f5f5 !important;}<\/style><script type=\"text\/javascript\"><\/script><section class=\"ffb-id-1djhoo33 fg-section fg-el-has-bg fg-text-dark\"><span class=\"fg-bg\"><span data-fg-bg=\"{&quot;type&quot;:&quot;color&quot;,&quot;opacity&quot;:1,&quot;color&quot;:&quot;#ffffff&quot;}\" class=\"fg-bg-layer fg-bg-type-color \" style=\"opacity: 1; background-color: #ffffff;\"><\/span><span data-fg-bg=\"{&quot;type&quot;:&quot;image&quot;,&quot;opacity&quot;:&quot;1&quot;,&quot;url&quot;:&quot;http:\\\/\\\/pimpyourhome.ch\\\/try\\\/wp-content\\\/uploads\\\/2017\\\/07\\\/hill-grau.png&quot;,&quot;size&quot;:&quot;auto&quot;,&quot;repeat&quot;:&quot;no-repeat&quot;,&quot;attachment&quot;:&quot;scroll&quot;,&quot;position&quot;:&quot;center bottom&quot;}\" class=\"fg-bg-layer fg-bg-type-image \" style=\"opacity: 1; background-image: url(&quot;http:\/\/pimpyourhome.ch\/try\/wp-content\/uploads\/2017\/07\/hill-grau.png&quot;); background-repeat: no-repeat; background-attachment: scroll; background-position: center bottom; background-size: auto;\"><\/span><\/span><div class=\"fg-container container fg-container-large fg-container-lvl--1 \"><div class=\"fg-row row    \" ><div class=\"ffb-id-1djhoo34 fg-col col-xs-12 col-md-6 fg-text-dark\"><h3 class=\"ffb-id-1djhoo3a fg-heading text-left    fg-text-dark\">Stauraum f\u00fcr die kleine Wohnung<\/h3><img decoding=\"async\" class=\"ffb-id-1djhoo36 fg-image  img-responsive full-width fg-text-dark\" srcset=\"https:\/\/pimpyourhome.ch\/try\/wp-content\/uploads\/2017\/07\/stauraum-kleine-wohnung_.jpg 849w, https:\/\/pimpyourhome.ch\/try\/wp-content\/uploads\/freshizer\/99d29221120b931d938d168086d6bdda_stauraum-kleine-wohnung_-320-c-100.jpg 320w, https:\/\/pimpyourhome.ch\/try\/wp-content\/uploads\/freshizer\/99d29221120b931d938d168086d6bdda_stauraum-kleine-wohnung_-768-c-100.jpg 768w\" sizes=\"(max-width: 849px) 100vw, 849px\" src=\"https:\/\/pimpyourhome.ch\/try\/wp-content\/uploads\/2017\/07\/stauraum-kleine-wohnung_.jpg\" alt=\"Stauraum f\u00fcr die kleine Wohnung\"><p class=\"ffb-id-2rbohr4q fg-paragraph text-left    fg-text-dark\"><\/p>\n<p style=\"text-align: right\">\u00a9 Africa Studio \/ Fotalia<\/p>\n<p><\/p><p class=\"ffb-id-1djhoo3b fg-paragraph text-left    fg-text-dark\">Auch f\u00fcr kleine Wohnungen gibt es raffinierte Kleiderschrank-L\u00f6sungen. Ein sperriger Schrank erlaubt keine Flexibilit\u00e4t und w\u00fcrde den Raum optisch verkleinern. Hier bieten Kleiderstangen oder ein leichter Kleiderwagen eine geschicktere L\u00f6sung. Verborgen hinter einem hellen Vorhang ist die Kleidung auch bei dieser Schrankalternative vor Staub gesch\u00fctzt und der Raum macht einen aufger\u00e4umten Eindruck. Kombiniert mit einer Kommode entsteht viel Stauraum und ein freundliches, einladendes Wohngef\u00fchl auch auf wenigen Quadratmetern.<\/p><\/div><div class=\"ffb-id-1djhskqe fg-col col-xs-12 col-md-6 fg-text-dark\"><h3 class=\"ffb-id-1djhskqf fg-heading text-left    fg-text-dark\">Die passende Farbe<\/h3><img decoding=\"async\" class=\"ffb-id-1djhskqg fg-image  img-responsive full-width fg-text-dark\" srcset=\"http:\/\/pimpyourhome.ch\/try\/wp-content\/uploads\/2017\/07\/diy-schlafzimmer.jpg 800w, https:\/\/pimpyourhome.ch\/try\/wp-content\/uploads\/freshizer\/f245dc4b62c94c1d65a96f42dfd434c1_diy-schlafzimmer-320-c-100.jpg 320w, https:\/\/pimpyourhome.ch\/try\/wp-content\/uploads\/freshizer\/f245dc4b62c94c1d65a96f42dfd434c1_diy-schlafzimmer-768-c-100.jpg 768w\" sizes=\"(max-width: 800px) 100vw, 800px\" src=\"http:\/\/pimpyourhome.ch\/try\/wp-content\/uploads\/2017\/07\/diy-schlafzimmer.jpg\" alt=\"Die passende Farbe\"><p class=\"ffb-id-2rbok2nf fg-paragraph text-left    fg-text-dark\"><\/p>\n<p style=\"text-align: right\">\u00a9 Photographee.eu \/ Fotalia<\/p>\n<p><\/p><p class=\"ffb-id-1djhskqi fg-paragraph text-left    fg-text-dark\">Gelungene Farbgebung ist ein nicht zu untersch\u00e4tzender Faktor f\u00fcr das Wohlbefinden in den eigenen vier (Schlafzimmer-)W\u00e4nden. Hier ist weniger mehr! Streicht man alle W\u00e4nde in einer sehr intensiven Farbe, wirkt das schnell einengend, zarte Pastellfarben sind nicht so problematisch. Wer dennoch gerne einen intensiven Farbton f\u00fcr sein Schlafzimmer w\u00e4hlt, streicht am besten nur eine Wand damit und l\u00e4sst die anderen W\u00e4nde weiss. Bei der Wahl der Wandfarbe sollten unbedingt auch die M\u00f6bel ber\u00fccksichtigt werden: Eine weisse Kommode zum Beispiel hebt sich als geplanter Blickfang von einer farbigen Wand ab.<\/p><\/div><\/div><\/div><\/section><style>.ffb-id-1djhbl2c{ \npadding-top: 80px;\npadding-bottom: 80px;\n\n}\n.ffb-id-1djhn3tk .divider-v7-title span.after{ \nborder-color:#f5f5f5 !important;\n}\n.ffb-id-1djhn3tk .divider-v7-title span.after:after{ \nborder-color:#f5f5f5 !important;\n}\n.ffb-id-1djhoo33{ padding-top: 80px;padding-bottom: 80px;}.ffb-id-1djhskqi{ padding-top: 20px;}.ffb-id-1djhoo3b{ padding-top: 20px;}<\/style><script type=\"text\/javascript\"><\/script><section class=\"ffb-id-1dji29bn fg-section fg-el-has-bg fg-text-dark\"><span class=\"fg-bg\"><span data-fg-bg=\"{&quot;type&quot;:&quot;color&quot;,&quot;opacity&quot;:1,&quot;color&quot;:&quot;#f8f8f8&quot;}\" class=\"fg-bg-layer fg-bg-type-color \" style=\"opacity: 1; background-color: #f8f8f8;\"><\/span><span data-fg-bg=\"{&quot;type&quot;:&quot;image&quot;,&quot;opacity&quot;:&quot;1&quot;,&quot;url&quot;:&quot;http:\\\/\\\/pimpyourhome.ch\\\/try\\\/wp-content\\\/uploads\\\/2017\\\/07\\\/hill-weiss.png&quot;,&quot;size&quot;:&quot;auto&quot;,&quot;repeat&quot;:&quot;no-repeat&quot;,&quot;attachment&quot;:&quot;scroll&quot;,&quot;hidden_xs&quot;:&quot;yes&quot;,&quot;hidden_sm&quot;:&quot;yes&quot;,&quot;hidden_md&quot;:&quot;yes&quot;,&quot;hidden_lg&quot;:&quot;yes&quot;,&quot;position&quot;:&quot;center bottom&quot;}\" class=\"fg-bg-layer fg-bg-type-image hidden-xs hidden-sm hidden-md hidden-lg\" style=\"opacity: 1; background-image: url(&quot;http:\/\/pimpyourhome.ch\/try\/wp-content\/uploads\/2017\/07\/hill-weiss.png&quot;); background-repeat: no-repeat; background-attachment: scroll; background-position: center bottom; background-size: auto;\"><\/span><\/span><div class=\"fg-container container fg-container-large fg-container-lvl--1 \"><div class=\"fg-row row    \" ><div class=\"ffb-id-1dji29bo fg-col col-xs-12 col-md-6 fg-text-dark\"><h3 class=\"ffb-id-1dji29bu fg-heading text-left    fg-text-dark\">Richtige Verdunkelung \u2013 Vorh\u00e4nge oder Rollos<\/h3><img decoding=\"async\" class=\"ffb-id-1dji29bq fg-image  img-responsive full-width fg-text-dark\" src=\"https:\/\/pimpyourhome.ch\/try\/wp-content\/uploads\/2017\/07\/richtige-verdunkelung-vorhaenge-rollos.jpg\" alt=\"Richtige Verdunkelung \u2013 Vorh\u00e4nge oder Rollos\"><p class=\"ffb-id-2rbomeaj fg-paragraph text-left    fg-text-dark\"><\/p>\n<p style=\"text-align: right\">\u00a9 Photographee.eu \/ Fotalia<\/p>\n<p><\/p><p class=\"ffb-id-1dji29bv fg-paragraph text-left    fg-text-dark\">Nicht jeder kann ruhig schlafen, wenn es im Schlafzimmer hell ist. Wer f\u00fcr einen erholsamen Schlaf vollkommene Dunkelheit braucht, sollte sich f\u00fcr lichtdichte Vorh\u00e4nge entscheiden. Meistens sind diese einseitig beschichtet oder aber aus besonders dickem Material gefertigt, sodass kein Licht ins Zimmer eindringen kann. Die Alternative zu Vorh\u00e4ngen sind lichtdichte Rollos. Was man w\u00e4hlt, ist hier abh\u00e4ngig von den pers\u00f6nlichen Vorlieben.<\/p><\/div><div class=\"ffb-id-1dji41b9 fg-col col-xs-12 col-md-6 fg-text-dark\"><h3 class=\"ffb-id-1dji41ba fg-heading text-left    fg-text-dark\">Erholsamer Schlaf - ohne elektrische Ger\u00e4te<\/h3><img decoding=\"async\" class=\"ffb-id-1dji41bb fg-image  img-responsive full-width fg-text-dark\" srcset=\"http:\/\/pimpyourhome.ch\/try\/wp-content\/uploads\/2017\/07\/modernes-schlafzimmer.jpg 800w, https:\/\/pimpyourhome.ch\/try\/wp-content\/uploads\/freshizer\/85e3026aad496b04888efd9d78b13634_modernes-schlafzimmer-320-c-100.jpg 320w, https:\/\/pimpyourhome.ch\/try\/wp-content\/uploads\/freshizer\/85e3026aad496b04888efd9d78b13634_modernes-schlafzimmer-768-c-100.jpg 768w\" sizes=\"(max-width: 800px) 100vw, 800px\" src=\"http:\/\/pimpyourhome.ch\/try\/wp-content\/uploads\/2017\/07\/modernes-schlafzimmer.jpg\" alt=\"Keine elektrischen Ger\u00e4te im Schlafzimmer\"><p class=\"ffb-id-2rbopirq fg-paragraph text-left    fg-text-dark\"><\/p>\n<p style=\"text-align: right\">\u00a9 bmak \/ Fotalia<\/p>\n<p><\/p><p class=\"ffb-id-1dji41bc fg-paragraph text-left    fg-text-dark\">Der Fernseher im Schlafzimmer, das Handy oder der Laptop griffbereit zum Surfen auf dem Nachttisch -  die gewohnte Elektronik ist zwar bequem, aber nicht f\u00f6rderlich f\u00fcr einen erholsamen Schlaf! Daher geh\u00f6ren Fernseher, Laptop, Handy usw. nach M\u00f6glichkeit nicht ins Schlafzimmer. Das gem\u00fctliche Leselicht am Bett und ein elektrischer Wecker sind erlaubt. Eine stilvolle Alternative sind mechanische Aufziehwecker. <\/p><\/div><\/div><\/div><\/section><style>.ffb-id-1djhoo33{ \npadding-top: 80px;\npadding-bottom: 80px;\n\n}\n.ffb-id-1djhskqi{ \npadding-top: 20px;\n\n}\n.ffb-id-1djhoo3b{ \npadding-top: 20px;\n\n}\n.ffb-id-1dji29bn{ padding-top: 80px;padding-bottom: 80px;}.ffb-id-1dji41bc{ padding-top: 20px;}.ffb-id-1dji29bv{ padding-top: 20px;}<\/style><script type=\"text\/javascript\"><\/script><\/p>\n","protected":false},"excerpt":{"rendered":"","protected":false},"author":1,"featured_media":0,"parent":0,"menu_order":0,"comment_status":"closed","ping_status":"closed","template":"","meta":{"footnotes":""},"class_list":["post-111","page","type-page","status-publish","hentry","post-wrapper"],"_links":{"self":[{"href":"https:\/\/pimpyourhome.ch\/try\/wp-json\/wp\/v2\/pages\/111","targetHints":{"allow":["GET"]}}],"collection":[{"href":"https:\/\/pimpyourhome.ch\/try\/wp-json\/wp\/v2\/pages"}],"about":[{"href":"https:\/\/pimpyourhome.ch\/try\/wp-json\/wp\/v2\/types\/page"}],"author":[{"embeddable":true,"href":"https:\/\/pimpyourhome.ch\/try\/wp-json\/wp\/v2\/users\/1"}],"replies":[{"embeddable":true,"href":"https:\/\/pimpyourhome.ch\/try\/wp-json\/wp\/v2\/comments?post=111"}],"version-history":[{"count":10,"href":"https:\/\/pimpyourhome.ch\/try\/wp-json\/wp\/v2\/pages\/111\/revisions"}],"predecessor-version":[{"id":116,"href":"https:\/\/pimpyourhome.ch\/try\/wp-json\/wp\/v2\/pages\/111\/revisions\/116"}],"wp:attachment":[{"href":"https:\/\/pimpyourhome.ch\/try\/wp-json\/wp\/v2\/media?parent=111"}],"curies":[{"name":"wp","href":"https:\/\/api.w.org\/{rel}","templated":true}]}}